*s**2 - 8*s - 11. What is i(7)?
80
Let p(c) = -2*c**3 + 2*c**2 + 3*c. What is p(-1)?
1
Let j(v) = 2*v**3 + 13*v**2 - 6*v + 16. What is j(-7)?
9
Let c(w) = -2*w**3 + 37*w**2 + 21*w - 45. Calculate c(19).
-7
Let o(s) = s**2 - s + 9. Calculate o(-7).
65
Let h(t) = 2*t - 34. Give h(18).
2
Let b(c) = -5*c**2 + 11*c + 13. Give b(3).
1
Let s(n) = -3*n**3 - 8*n**2 + 4*n + 11. Calculate s(-2).
-5
Let l(o) = -6*o + 2. What is l(6)?
-34
Let c(q) = 2*q**2 + 31*q + 118. Calculate c(-9).
1
Let w(o) = -7*o + 32. Calculate w(9).
-31
Let s(l) = -l**3 + 12*l**2 + 11*l + 14. What is s(13)?
-12
Let m(p) = p**2 + 7*p - 16. What is m(-7)?
-16
Let p(o) = o**3 + 21*o**2 + 20*o + 4. What is p(-20)?
4
Let u(j) = -j**3 - 6*j**2 + 8*j + 5. What is u(-7)?
-2
Let c(h) = 2*h + 38. What is c(-13)?
12
Let h(v) = -v**3 + 5*v**2 + 4*v. Calculate h(6).
-12
Let q(g) = 48*g**3 - 2*g**2 - 2*g - 1. What is q(-1)?
-49
Let n(m) = m - 9. Give n(24).
15
Let p(w) = -9*w**3 + w + 2. Calculate p(-2).
72
Let c(v) = -v**2 + 2*v + 6. What is c(-7)?
-57
Let o(t) = 20*t + 70. What is o(-7)?
-70
Let h(c) = 89*c**3 - 7*c - 6. Give h(-1).
-88
Let k(o) = -2*o**3 - 29*o**2 + 16*o + 17. What is k(-15)?
2
Let r(k) = -k**3 - 6*k**2 + 4. What is r(-6)?
4
Let y(b) = -12*b - 46. Give y(-5).
14
Let h(i) = 2*i**2 - 50*i - 93. Determine h(-2).
15
Let a(y) = y**3 + 5*y - 4. Calculate a(3).
38
Let f(c) = -c**3 - 26*c**2 + 23*c - 115. Determine f(-27).
-7
Let l(y) = 2*y**2 - 53*y + 68. What is l(25)?
-7
Let x(u) = -u**3 + 7*u**2 - 21*u + 33. Give x(2).
11
Let n(t) = t**2 - 23*t - 203. Determine n(-7).
7
Let f(a) = 3*a**2 + 2*a - 3. Calculate f(-3).
18
Let r(p) = p**3 + 6*p**2 + 3*p - 3. Calculate r(-5).
7
Let m(r) = 5*r + 83. Determine m(-21).
-22
Let w(v) = -4*v - 7. Determine w(-5).
13
Let m(s) = s**2 - 10*s + 13. Determine m(6).
-11
Let j(l) = -l**2 - 4*l - 14. Determine j(-5).
-19
Let l(o) = -2*o**3 + 6*o**2 - 12*o + 20. What is l(3)?
-16
Let y(n) = -n**2 - 5*n - 2. Determine y(-6).
-8
Let i(v) = 3*v + 37. Calculate i(-11).
4
Let c(u) = -u**3 - 9*u**2 - 7*u + 6. Calculate c(-8).
-2
Let l(x) = 13*x + 56. Give l(-23).
-243
Let o(a) = -a**3 - 7*a**2 - a - 10. What is o(-7)?
-3
Let i(o) = -o**3 + 2. Calculate i(-2).
10
Let w(t) = 14*t + 248. Determine w(-18).
-4
Let x(l) = -3*l**2 - 7*l + 5. Calculate x(-6).
-61
Let o(s) = s + 7. Determine o(-11).
-4
Let b(w) = -w**3 + 9*w**2 - 6*w + 7. Determine b(8).
23
Let x(q) = 5*q - 29. Determine x(4).
-9
Let h(i) = 3*i**2 + 39*i + 12. What is h(-12)?
-24
Let b(t) = -3*t + 10. Determine b(4).
-2
Let u(b) = b**3 + 7*b**2 + b - 17. Determine u(-7).
-24
Let w(d) = 8*d - 18. What is w(3)?
6
Let w(o) = -o**3 - 32*o**2 + 2*o + 78. What is w(-32)?
14
Let y(i) = i**3 + 12*i**2 - 13. Give y(-12).
-13
Let d(g) = 2*g**2 - 16*g + 17. What is d(10)?
57
Let t(d) = d**3 - d**2 - d - 3. What is t(2)?
-1
Let k(m) = 3*m - 11. What is k(4)?
1
Let y(c) = -c**2 + 11*c + 12. Calculate y(13).
-14
Let u(l) = -4*l + 94. Give u(21).
10
Let y(o) = 5*o**2 + 41*o. What is y(-8)?
-8
Let y(m) = -2*m**3 + 14*m**2 - 2. Determine y(7).
-2
Let q(p) = -5*p**2 - 154*p + 27. Give q(-31).
-4
Let k(n) = -n**3 + 2*n**2 - 3*n + 1. What is k(1)?
-1
Let p(q) = -q**3 + q**2 + 6*q - 7. Determine p(3).
-7
Let k(w) = 5*w + 5. Give k(4).
25
Let w(i) = -i**2 - 1. Determine w(-1).
-2
Let i(t) = 3*t - 6. Give i(2).
0
Let f(v) = -2*v - 5. Give f(0).
-5
Let i(y) = 2*y**2 - 34*y - 8. What is i(14)?
-92
Let i(v) = -2*v**3 - 4*v**2 - 3*v + 3. Calculate i(-3).
30
Let j(a) = a**3 - 7*a**2 - 10*a + 1. Give j(8).
-15
Let s(f) = 5*f**2 - 4*f - 4. Calculate s(-1).
5
Let k(g) = -27*g**2 + g. What is k(-1)?
-28
Let y(r) = -9*r**3 + 2*r**2 - 1. Calculate y(1).
-8
Let m(i) = -i**3 + 2*i**2 - i + 1. Determine m(2).
-1
Let h(a) = -a**3 - 14*a**2 + 18*a + 30. Calculate h(-15).
-15
Let x(c) = -c**2 + 4*c + 9. Calculate x(7).
-12
Let o(s) = s**2 - 9*s - 3. Determine o(4).
-23
Let c(t) = -t**3 - 37*t**2 + t + 42. Calculate c(-37).
5
Let r(u) = -u**2 - u - 19. Determine r(-4).
-31
Let p(k) = -2*k**2 + 26*k + 97. Calculate p(16).
1
Let m(f) = f**2 - 6*f. Calculate m(5).
-5
Let q(t) = 6*t**3 + 2*t**2 - 2*t. Determine q(-2).
-36
Let v(y) = -9*y + 40. What is v(5)?
-5
Let v(i) = i**2 + 14*i + 9. Determine v(-14).
9
Let q(b) = b**2 + 45*b - 614. Determine q(-56).
2
Let y(u) = -29*u + 51. Determine y(2).
-7
Let r(q) = -q**2 - 16*q + 84. What is r(-20)?
4
Let f(m) = m**2 + 10*m - 68. What is f(-14)?
-12
Let u(o) = -o**2 + 31*o - 235. Give u(12).
-7
Let w(c) = c - 40. Give w(9).
-31
Let y(x) = -3*x**2 - x - 4. Determine y(3).
-34
Let w(i) = -2*i**3 - 13*i**2 - 9*i - 24. Give w(-6).
-6
Let l(u) = u**2 - 5*u + 8. Calculate l(7).
22
Let t(g) = -g**2 - 5*g - 1. Give t(-6).
-7
Let z(q) = -20*q - 79. Calculate z(-4).
1
Let f(g) = -g**3 + 8*g**2 + 7*g + 9. Calculate f(9).
-9
Let o(i) = -i**3 + 18*i**2 - 15*i + 16. Determine o(17).
50
Let s(c) = -c**3 - 4*c**2 + 5*c + 8. Calculate s(-7).
120
Let w(z) = -9*z + 1. What is w(4)?
-35
Let d(h) = -6*h + 35. What is d(0)?
35
Let i(l) = -7*l + 155. What is i(22)?
1
Let l(h) = -h**3 - 5*h**2 - 8*h - 16. Give l(-4).
0
Let f(d) = 2*d**3 + 2*d**2 - d - 113. Determine f(0).
-113
Let t(a) = -a**3 + 3*a**2 + 4*a - 3. Calculate t(4).
-3
Let u(t) = -t**2 - 9*t - 13. Give u(-9).
-13
Let m(t) = -3*t**2 + 1. Give m(3).
-26
Let c(x) = -5*x**2 + 5*x - 3. Give c(4).
-63
Let u(k) = k**3 + 11*k**2 + 11*k - 15. Calculate u(-9).
48
Let l(d) = 3*d**2 + 33*d - 24. What is l(-11)?
-24
Let x(j) = j**3 - 21*j**2 + 37*j + 9. Give x(19).
-10
Let b(f) = f**3 + 8*f**2 + 3*f + 17. Determine b(-8).
-7
Let x(s) = -s**3 - 4*s**2 - 6*s - 7. Give x(-3).
2
Let d(z) = -36*z + 130. Determine d(4).
-14
Let d(m) = -2*m**2 + 16*m + 2. Determine d(8).
2
Let m(d) = -20*d + 97. Give m(5).
-3
Let k(s) = -4*s + 27. Calculate k(8).
-5
Let r(y) = 2*y - 38. Calculate r(1).
-36
Let t(c) = c**2 + 14*c - 27. Determine t(0).
-27
Let f(j) = -j**2 - 10*j - 1. Calculate f(-8).
15
Let t(h) = h**2 + 35*h - 5. Give t(-35).
-5
Let v(o) = -o**2 - 9*o + 39. Calculate v(-13).
-13
Let p(q) = -q**3 + 6*q**2 - 2*q + 9. What is p(6)?
-3
Let c(m) = -5*m - 22. Calculate c(-9).
23
Let h(c) = c**2 + 2*c - 9. Calculate h(7).
54
Let q(b) = b**3 - b**2 + 4*b - 3. Determine q(1).
1
Let a(d) = -4*d**2 + 4*d - 2. Calculate a(2).
-10
Let r(n) = -n**2 + 15*n - 14. Give r(14).
0
Let f(u) = u**3 - 4*u**2 - 15*u - 8. What is f(6)?
-26
Let y(m) = -m**3 - 13*m**2 - 2*m - 15. What is y(-13)?
11
Let u(l) = l**2 + 14*l - 20. What is u(-15)?
-5
Let c(p) = p + 10. What is c(-17)?
-7
Let x(j) = -j**2 + 2*j + 23. Calculate x(7).
-12
Let w(n) = 5*n - 43. Calculate w(8).
-3
Let z(f) = f - 7. Calculate z(7).
0
Let c(r) = -r**2 - 25*r + 61. What is c(-27)?
7
Let h(z) = 2*z + 9. Determine h(-4).
1
Let v(j) = j**3 + 13*j**2 - 14*j - 7. Calculate v(-14).
-7
Let n(y) = 27*y**2 + 325*y + 16. Determine n(-12).
4
Let w(n) = -n**2 + 16*n - 48. What is w(4)?
0
Let g(f) = -f**2 - 10*f - 30. Calculate g(-5).
-5
Let j(p) = p + 9. Calculate j(-6).
3
Let a(m) = 2*m - 33. Calculate a(0).
-33
Let w(u) = u**3 + 5*u**2 - 5*u - 1. Determine w(-6).
-7
Let o(s) = -2*s + 1. Give o(4).
-7
Let c(r) = r**3 + 12*r**2 + 12*r + 9. Determine c(-11).
-2
Let w(u) = -u**3 - 11*u**2 - 3*u - 12. What is w(-11)?
21
Let x(l) = -2*l - 13. Give x(-8).
3
Let a(q) = -5*q**2 - 22*q - 4. What is a(-4)?
4
Let m(s) = -s**2 + 7*s + 7. What is m(10)?
-23
Let d(q) = q**3 + 5*q**2 - q - 4. What is d(-3)?
17
Let g(s) = -s**3 - 6*s**2 - 10*s - 3. Determine g(-5).
22
Let y(w) = 3*w - 12. What is y(-5)?
-27
Let d(r) = -2*r**3 + r**2 + 3*r. What is d(2)?
-6
Let j(d) = -d**3 - 8*d**2 + 16*d - 33. Calculate j(-10).
7
Let v(o) = o - 6. Calculate v(9).
3
Let x(h) = -h**2 - 17*h - 28. What is x(-14)?
14
Let w(n) = -16*n**3 - 2*n**2 - 4*n - 3. What is w(-1)?
15
Let a(g) = -25*g**2. Determine a(1).
-25
Let k(h) = -h**3 - 6*h**2 + 15*h - 3. Calculate k(-8).
5
Let s(h) = -18*h + 19. What is s(1)?
1
Let n(z) = -7*z - 12. Give n(5).
-47
Let l(k) = -k**3 - 48*k**2 + 13. Calculate l(-48).
13
Let u(s) = -3*s + 6. What is u(-9)?
33
Let i(f) = -f**2 - 3*f - 1. Determine i(4).
-29
Let i(t) = -t + 5. Give i(-5).
10
Let n(w) = -w**3 - 5*w**2 - 5*w - 2. Calculate n(-4).
2
Let c(r) = -r**3 + 13*r**2 - r - 39. Give c(13).
-52
Let w(r) = r**3 + 8*r**2 - 3*r - 16. Determine w(-8).